ommon divisor of 803950 and 1400.
350
What is the greatest common divisor of 444 and 338054274?
222
What is the greatest common factor of 448 and 151835360?
32
What is the highest common factor of 8108772 and 7?
7
Calculate the highest common factor of 33033750 and 10000.
1250
What is the highest common divisor of 9642 and 152377347?
4821
Calculate the greatest common divisor of 8265 and 191534763.
1653
Calculate the greatest common factor of 1192 and 42183539.
149
What is the greatest common divisor of 777 and 465756?
111
What is the greatest common factor of 777 and 392208621?
777
What is the greatest common divisor of 1190 and 29399720?
70
Calculate the greatest common factor of 74208 and 870960.
48
Calculate the greatest common factor of 711828 and 156.
156
Calculate the highest common factor of 217912715 and 85.
85
What is the greatest common divisor of 16523388 and 646?
646
Calculate the greatest common divisor of 47257 and 219957.
157
Calculate the greatest common divisor of 3213 and 339201.
459
What is the greatest common factor of 3266913 and 5955?
1191
What is the highest common divisor of 162175 and 140660?
65
What is the highest common divisor of 749 and 3980?
1
Calculate the highest common factor of 294 and 2743958.
14
Calculate the highest common factor of 650426 and 336.
14
What is the greatest common factor of 5602437 and 27?
9
Calculate the highest common divisor of 5465960 and 80.
40
Calculate the greatest common divisor of 1839 and 262771032.
1839
Calculate the greatest common divisor of 86 and 190582192.
86
Calculate the greatest common factor of 35902326 and 50976.
354
What is the greatest common factor of 40779074 and 59582?
1922
Calculate the greatest common factor of 850069 and 143.
11
What is the greatest common factor of 1209183 and 15?
3
What is the highest common divisor of 1730 and 4104598?
346
Calculate the highest common factor of 150 and 117363250.
50
Calculate the highest common factor of 3264 and 5839755.
51
Calculate the greatest common divisor of 117 and 474045.
39
What is the highest common factor of 91673912 and 11?
11
Calculate the highest common factor of 3357747 and 11529.
27
Calculate the greatest common factor of 104 and 1150994.
26
Calculate the greatest common factor of 765 and 17852295.
255
Calculate the greatest common divisor of 830210 and 363255.
305
What is the highest common factor of 10142 and 3108062?
922
What is the greatest common factor of 8 and 48713192?
8
Calculate the greatest common factor of 206916 and 1548.
516
What is the greatest common factor of 28380 and 147961968?
5676
Calculate the highest common divisor of 12 and 16305564.
12
Calculate the greatest common factor of 12 and 9818052.
12
What is the highest common divisor of 20 and 23445110?
10
What is the highest common divisor of 4097996500 and 1690?
1690
What is the greatest common divisor of 1582 and 37786861?
791
Calculate the greatest common factor of 209281 and 18526.
157
Calculate the highest common divisor of 46911558 and 5812.
2906
Calculate the greatest common divisor of 32132872 and 7696.
296
Calculate the highest common factor of 18200 and 1165528.
728
Calculate the greatest common factor of 155105146 and 184.
46
Calculate the greatest common divisor of 229 and 5950669653.
229
What is the greatest common divisor of 3744 and 103385664?
288
What is the greatest common factor of 93 and 12563463?
93
Calculate the highest common divisor of 63394 and 303854.
2186
What is the highest common divisor of 261160 and 433280?
40
What is the highest common factor of 6672 and 647462?
278
What is the greatest common factor of 210 and 3336522?
42
What is the greatest common divisor of 448 and 2079488?
64
Calculate the highest common divisor of 5 and 1608242765.
5
What is the greatest common factor of 1022671 and 582?
97
Calculate the highest common factor of 80360068 and 134.
134
What is the greatest common factor of 230914 and 46534?
878
What is the highest common divisor of 167925 and 1725?
75
What is the greatest common factor of 5563856374 and 1558?
1558
What is the highest common divisor of 8512896 and 1412482?
6334
Calculate the greatest common divisor of 550 and 11492250.
550
What is the greatest common divisor of 28619897 and 5590?
43
What is the greatest common divisor of 8892 and 3747636?
684
Calculate the highest common factor of 1037122 and 10858.
122
What is the highest common divisor of 16805006 and 171?
19
Calculate the highest common divisor of 2730 and 66927770.
910
Calculate the greatest common factor of 10855 and 163994.
167
Calculate the highest common factor of 2874 and 20608017.
1437
Calculate the greatest common factor of 228100 and 11340.
20
What is the greatest common factor of 350744 and 5032?
136
What is the greatest common divisor of 36358 and 135362?
106
Calculate the greatest common factor of 592937 and 16659.
617
Calculate the highest common divisor of 14072192 and 16.
16
What is the greatest common factor of 304632111 and 789?
789
Calculate the highest common divisor of 2570582 and 2604.
434
Calculate the highest common factor of 7237 and 447796612.
7237
What is the highest common divisor of 150 and 6155610?
30
Calculate the greatest common divisor of 509789251 and 4454.
2227
Calculate the greatest common divisor of 55775 and 1329385.
485
Calculate the highest common divisor of 61480 and 357750.
530
Calculate the greatest common factor of 12970946 and 87.
29
What is the highest common factor of 11012382 and 94?
94
What is the greatest common divisor of 34875 and 390321?
279
What is the greatest common factor of 908832 and 28416?
96
What is the highest common divisor of 23678915 and 390?
65
Calculate the highest common factor of 653974668 and 108.
108
What is the highest common factor of 320 and 3665720?
40
Calculate the greatest common divisor of 3884 and 4096.
4
Calculate the highest common divisor of 16682 and 597626.
38
Calculate the greatest common factor of 109731 and 746313.
237
What is the greatest common factor of 957944988 and 42?
42
Calculate the greatest common factor of 59 and 15596296.
59
What is the highest common divisor of 32 and 1356276?
4
Calculate the highest common divisor of 63209 and 13082224.
2039
Calculate the greatest common divisor of 18240 and 3726.
6
Calculate the greatest common divisor of 2638432 and 9040.
16
Calculate the greatest common factor of 1024 and 5712128.
256
Calculate the highest common divisor of 107255 and 6707.
19
What is the highest common divisor of 18428 and 7114292?
1084
Calculate the highest common factor of 63588362 and 5298.
1766
What is the greatest common divisor of 357350 and 105?
35
What is the greatest common factor of 15886150 and 6650?
350
What is the highest common factor of 266 and 13816306?
266
What is the highest common divisor of 394 and 91046505?
197
What is the highest common factor of 159655 and 268393?
863
Calculate the greatest common factor of 8041 and 52455829.
731
What is the highest common factor of 1890490 and 276045?
8365
What is the highest common divisor of 137213812 and 62?
62
Calculate the highest common divisor of 719670 and 26487720.
4830
What is the greatest common divisor of 73640915 and 555?
185
What is the greatest common factor of 318710 and 26690?
1570
Calculate the greatest common factor of 57512 and 2048.
8
What is the greatest common factor of 885 and 86186315?
295
What is the highest common divisor of 898352 and 6734?
182
Calculate the greatest common factor of 455 and 43138459.
91
Calculate the highest common divisor of 314 and 159886.
2
What is the greatest common factor of 436725 and 186975?
675
Calculate the highest common divisor of 4318150848 and 1011.
1011
What is the greatest common factor of 61831088 and 395?
79
What is the greatest common divisor of 487728 and 15426?
18
What is the highest common factor of 36285 and 286590?
615
Calculate the greatest common factor of 19519 and 8233591.
149
What is the greatest common factor of 2406 and 18488506?
802
What is the greatest common factor of 46 and 107940817?
23
Calculate the greatest common factor of 786733 and 271472.
893
What is the greatest common factor of 74717154 and 972?
486
What is the greatest common divisor of 14349555 and 2025?
405
Calculate